ided by (-32)/(-176) + 216/22.
7
Let o = 47 - 8. Let z(x) = -2*x + 2. What is the remainder when o is divided by z(-6)?
11
Let q = 5 - -5. What is the remainder when 37 is divided by q?
7
Suppose x = -1 + 2. Let i = 14 + x. Calculate the remainder when 27 is divided by i.
12
Suppose -4*o = -34 - 30. Let a = o + 5. Calculate the remainder when a is divided by ((-11)/(-4))/((-2)/(-8)).
10
Let v(c) = -2*c - 1. Let o be v(-1). Suppose r + o = 7. Suppose 0 = 4*j - 4*g - 20, 0 = -j + g - r*g + 23. What is the remainder when 22 is divided by j?
6
Suppose -197 + 54 = -11*x. Calculate the remainder when 38 is divided by x.
12
Calculate the remainder when (5/((-20)/74))/(1/(-10)) is divided by 31.
30
Suppose 7 = t + 4*r, 0*t + 2*t = -r + 35. What is the remainder when t is divided by 12?
7
Let b(f) be the second derivative of 5*f**3/3 - f**2 + f. Suppose 4*m - 4 = -u, 4*m - 13 - 3 = -4*u. Calculate the remainder when b(u) is divided by 20.
18
Suppose 0*h = -2*v - 4*h + 68, -110 = -5*v + 2*h. Calculate the remainder when 117 is divided by v.
21
Suppose -53*i + 56*i = 108. What is the remainder when i is divided by 8?
4
Suppose -3*f - 31 = -2*c - 2*c, -5*f - 5*c - 40 = 0. Suppose 3*p = 10*p - 91. Let s = p + f. What is the remainder when 14 is divided by s?
2
Suppose 4*b - 5*b = 0. Suppose p - 2 + b = 0. Calculate the remainder when 25 is divided by 11 + -1 + (1 - p).
7
Suppose -2*m + 46 = -0*m. What is the remainder when m is divided by ((-24)/10)/(6/(-20))?
7
Let x(m) = -11*m - 70. What is the remainder when 8 is divided by x(-7)?
1
Calculate the remainder when 99 is divided by ((-10)/(-4))/(4/40).
24
Let m(t) = 2*t**2 + 1 + 9*t**3 + 0*t**2 + 3*t - 5*t. What is the remainder when m(1) is divided by 4?
2
What is the remainder when -1 + (-1)/(4/(-64)) is divided by 6?
3
Let v(c) = -c**2 + 7*c - 3. Let g be v(6). Suppose 5*m - g*m - 52 = 0. Let u(j) = -j**3 + j**2 - j + 14. What is the remainder when m is divided by u(0)?
12
Suppose 169 = -5*d + 6*o - 4*o, 2*d + 4*o = -58. Calculate the remainder when 1/((-2)/(-2)) - 2*-20 is divided by ((-1)/(-3))/((-1)/d).
8
Suppose 33 = -4*p + 77. Suppose 12 = 3*d - d. Calculate the remainder when p is divided by d.
5
Let o(b) = -3*b - 17. Let m be o(-9). Let j = 1 + m. Calculate the remainder when 29 is divided by j.
7
Suppose 6*t = 4*z + 7*t - 23, 5*z - 40 = t. Let u = 22 - -3. Calculate the remainder when u is divided by z.
4
Let i = 41 + -23. Let k(j) = -7*j - 7. Calculate the remainder when k(-6) is divided by i.
17
Let u = 13 + -8. Let j(r) = r**2 - 5*r + 2. Let a be j(u). Suppose 5*y - a*m = 75 - 12, -m = -5*y + 64. Calculate the remainder when 38 is divided by y.
12
Suppose -98 + 364 = 14*p. Calculate the remainder when p is divided by 4.
3
Suppose -7 = -2*q + 7. Let i(l) = 2 + 1 - 1 - 5*l + l**2. What is the remainder when 30 is divided by i(q)?
14
Let r(p) = -19*p**2 + 11*p. Let l(o) = -4*o**2 + 2*o. Let z(v) = -11*l(v) + 2*r(v). Calculate the remainder when (-1)/(-5) + 84/5 is divided by z(-1).
5
Suppose a - 18 = 3*a - 4*z, 2*z = 5*a + 21. Let y(f) = -2*f**3 - 3*f**2 + 3*f + 3. What is the remainder when y(a) is divided by 12?
9
Suppose -9 = 3*g + 5*u, -5 + 0 = 2*g + 3*u. Let j(p) = 2*p**2 + 3*p + 2. What is the remainder when j(-2) is divided by ((-2)/2)/((-1)/g)?
0
Let f = -52 + 75. What is the remainder when f is divided by 4?
3
Calculate the remainder when 19 is divided by ((-3)/6)/(2/(-44)).
8
Let b = -35 - -79. Calculate the remainder when b is divided by 15.
14
Let b be 1/(1/(-1)) - 40. Let x = b - -57. Calculate the remainder when 62 is divided by x.
14
Suppose -3*y + 26 = -4. What is the remainder when 27 is divided by y?
7
Let q(h) = -h**3 + 5 + h - 4*h - 4*h + 9*h**2. Let b = 90 - 53. What is the remainder when b is divided by q(8)?
11
Let d = 9 + 2. What is the remainder when d is divided by 5?
1
What is the remainder when 13 is divided by 9 - 1/(-3)*-6?
6
Let a be (2 - 0)/((-22)/(-121)). Suppose -4*q + 92 = 4*t, -q + 5*t + 34 = a. What is the remainder when q is divided by 8?
7
Let s(l) = -l**2 + 11*l + 2. What is the remainder when 6 is divided by s(11)?
0
Let r be 1/(-4) - 218/(-8). Suppose -3*f = -0*f + 45. Let m = r + f. What is the remainder when 21 is divided by m?
9
Suppose -2*r + 3*r - 3 = 0. Let f(k) = -2*k - 1. Let i be f(-3). Suppose n = 2*n - j, 2*n + r*j = i. Calculate the remainder when n is divided by 1.
0
Let n be (2 - 0)*-1 + 2. Let q = n - 1. Calculate the remainder when 32 is divided by 34/(2 - (q + 1)).
15
Calculate the remainder when -1 + (1 - 1) + 45 is divided by ((-45)/3)/(-1 + 0).
14
Let h = 2 + 1. Let o(m) = -4*m**h + 5*m**2 + 3*m**3 - m + 0 - 4. Calculate the remainder when 31 is divided by o(3).
9
Let l(x) = 3*x**2 + 1 - 2*x - 2 + 2*x**2 + 0. What is the remainder when 15 is divided by l(-1)?
3
Suppose -u + 100 + 13 = 0. What is the remainder when u is divided by 29?
26
Let z = 15 - 19. What is the remainder when 39 is divided by (-5)/(-2)*z/(-1)?
9
Let l(a) = 9*a - 3. Suppose u + 24 = 4*m + 5*u, 10 = 3*m + u. Calculate the remainder when 27 is divided by l(m).
12
Let p = 32 - -9. Calculate the remainder when p is divided by 204/10 + 18/30.
20
Suppose 3*i - 90 = 3*o, 2*i + 2 = 3*i. Let n = o - -49. What is the remainder when 82 is divided by n?
19
Let o = -1 + 1. Suppose 0 = -o*b - 4*b + 64. Let i = 115 + -85. Calculate the remainder when i is divided by b.
14
Let f(t) = t**3 - t**2 - t - 3. Let c be f(0). Let m = 7 + c. What is the remainder when m is divided by 3?
1
Suppose -3*v + 0*v - 9 = 0. Let l = v + 6. Suppose 2*c + 9 = 3*q - c, 4*c = 2*q + 4. Calculate the remainder when q is divided by l.
2
Suppose 20 = -4*b, 0 = 5*m - b - 19 - 11. Suppose -h + 0*h = m*q - 168, -3*h = -9. Calculate the remainder when q is divided by 9.
6
Suppose 2*n - 3*n - 3 = 0. Let t = 3 + n. Suppose t = -3*s + 37 + 32. Calculate the remainder when s is divided by 12.
11
Let z = 62 - 52. Calculate the remainder when 109 is divided by z.
9
Calculate the remainder when 72 is divided by 24 + 15/(-3) - 4.
12
Let p(s) = 6*s - 2. What is the remainder when p(8) is divided by 12?
10
Calculate the remainder when -1 + 2/1 + 82 is divided by 28.
27
Let g be 4/8 + 7/2. Suppose g*u = u + 18. Let y = 10 - u. What is the remainder when 15 is divided by y?
3
What is the remainder when 1/(-3) + (-860)/(-15) is divided by 15?
12
Let n = 21 - 27. Let o = 24 + n. What is the remainder when 52 is divided by o?
16
Let i(h) = -h**3 - 3*h**2 + 2*h + 1. Let w be i(-3). Let r(v) = -v**3 - 3*v**2 + 7*v + 1. Calculate the remainder when 46 is divided by r(w).
14
Let z be ((-18)/(-4))/((-3)/(-4)). Let b = z - -5. Calculate the remainder when b is divided by 6.
5
Suppose -2*z = -2*f - 18, -z - 3*z + 2*f + 38 = 0. Suppose 9*a - 5*a = 16. Calculate the remainder when z is divided by a.
2
Suppose 0 = 7*q - 2*q. Suppose 5*h - 7 - 208 = q. Calculate the remainder when h is divided by 11.
10
Suppose 0 = 4*q + 5*w - 49, 4*w - 1 = 4*q - 41. Let x = 17 + -10. Let h = 11 - x. What is the remainder when q is divided by h?
3
Suppose -7 - 1 = -4*w. Calculate the remainder when w is divided by ((-1)/(-3))/(3/9).
0
Suppose -b + 13 = -6. Calculate the remainder when 75 is divided by b.
18
Let o(c) = -2*c**3 - 6*c**2 - 4*c - 1. Let v be (-3)/(-9) - (-2)/(-6). Suppose -5*u + 5 + 30 = v. Calculate the remainder when o(-3) is divided by u.
4
Let r(w) = w**2 - w. Let o be r(-1). Suppose 21 = o*f - 53. Let j = f + -18. Calculate the remainder when 36 is divided by j.
17
Let p(s) = s**3 + 4*s**2 + 2*s. Let a = 5 + 1. Suppose 5 + a = i. What is the remainder when i is divided by p(-3)?
2
Suppose -4*a - 5 = -41. Calculate the remainder when 16 is divided by a.
7
Suppose 4*y - 3*c = 387, -14 = -4*y + 4*c + 378. Suppose 3*n - y - 39 = 0. Calculate the remainder when n is divided by 15.
14
Calculate the remainder when 267/12 - 9/(-12) is divided by 6.
5
Let s = 23 - 10. Let t = 22 - 15. Suppose -6*h + t*h = 51. Calculate the remainder when h is divided by s.
12
Let h = 26 - 6. What is the remainder when 57 is divided by h?
17
Calculate the remainder when 8 is divided by 4/(-8)*(-13 - -3).
3
Suppose 2*u - 5*u + 6 = 0. Suppose -r = 2*p + 24, u*p + 5*r + 40 = -0*p. Let v = p - -18. Calculate the remainder when v is divided by 3.
2
Let p(f) = 8